{"id":555652,"date":"2015-07-11T15:57:02","date_gmt":"2015-07-11T15:57:02","guid":{"rendered":"https:\/\/2015.riodejaneiro.wordcamp.org\/?post_type=wcb_organizer&#038;p=555652"},"modified":"2015-08-04T22:18:16","modified_gmt":"2015-08-05T01:18:16","slug":"felipe-pavao","status":"publish","type":"wcb_organizer","link":"https:\/\/riodejaneiro.wordcamp.org\/2015\/organizer\/felipe-pavao\/","title":{"rendered":"Felipe Pav\u00e3o"},"content":{"rendered":"<p>Desenvolvedor de software\u00a0h\u00e1 12 anos, \u00e9 s\u00f3cio-fundador\u00a0da <a href=\"https:\/\/www.xdevs.com.br\/suporte-wordpress\" target=\"_blank\">Xdevs<\/a>.<br \/>\nAo\u00a0lado do @cristianoweb, \u00e9 idealizador do podcast\u00a0<a href=\"http:\/\/www.mercadowp.com.br\" target=\"_blank\">Mercado WP<\/a>,\u00a0que\u00a0fala sobre nossa ferramenta preferida. Tem como miss\u00e3o compartilhar um pouco de sua experi\u00eancia\u00a0no dia-a-dia com o WordPress.<\/p>\n<p>&nbsp;<\/p>\n","protected":false},"excerpt":{"rendered":"<p>Desenvolvedor de software\u00a0h\u00e1 12 anos, \u00e9 s\u00f3cio-fundador\u00a0da Xdevs. Ao\u00a0lado do @cristianoweb, \u00e9 idealizador do podcast\u00a0Mercado WP,\u00a0que\u00a0fala sobre nossa ferramenta preferida. Tem como miss\u00e3o compartilhar um pouco de sua experi\u00eancia\u00a0no dia-a-dia com o WordPress. &nbsp;<\/p>\n","protected":false},"featured_media":0,"template":"","meta":{"_crdt_document":"","jetpack_post_was_ever_published":false,"_wcpt_user_name":"felipepavao","footnotes":""},"organizer_team":[],"class_list":["post-555652","wcb_organizer","type-wcb_organizer","status-publish","hentry"],"jetpack_sharing_enabled":true,"jetpack_shortlink":"https:\/\/wp.me\/p6r9fy-2ky8","jetpack_likes_enabled":true,"avatar_urls":{"24":"https:\/\/secure.gravatar.com\/avatar\/272ad3f64125d455e0d9dd8b4a1aad50d23e9b1b1a85f7b9a7ee482b7f1fbd8c?s=24&d=mm&r=g","48":"https:\/\/secure.gravatar.com\/avatar\/272ad3f64125d455e0d9dd8b4a1aad50d23e9b1b1a85f7b9a7ee482b7f1fbd8c?s=48&d=mm&r=g","96":"https:\/\/secure.gravatar.com\/avatar\/272ad3f64125d455e0d9dd8b4a1aad50d23e9b1b1a85f7b9a7ee482b7f1fbd8c?s=96&d=mm&r=g","128":"https:\/\/secure.gravatar.com\/avatar\/272ad3f64125d455e0d9dd8b4a1aad50d23e9b1b1a85f7b9a7ee482b7f1fbd8c?s=128&d=mm&r=g","256":"https:\/\/secure.gravatar.com\/avatar\/272ad3f64125d455e0d9dd8b4a1aad50d23e9b1b1a85f7b9a7ee482b7f1fbd8c?s=256&d=mm&r=g","512":"https:\/\/secure.gravatar.com\/avatar\/272ad3f64125d455e0d9dd8b4a1aad50d23e9b1b1a85f7b9a7ee482b7f1fbd8c?s=512&d=mm&r=g"},"_links":{"self":[{"href":"https:\/\/riodejaneiro.wordcamp.org\/2015\/wp-json\/wp\/v2\/organizers\/555652","targetHints":{"allow":["GET"]}}],"collection":[{"href":"https:\/\/riodejaneiro.wordcamp.org\/2015\/wp-json\/wp\/v2\/organizers"}],"about":[{"href":"https:\/\/riodejaneiro.wordcamp.org\/2015\/wp-json\/wp\/v2\/types\/wcb_organizer"}],"version-history":[{"count":8,"href":"https:\/\/riodejaneiro.wordcamp.org\/2015\/wp-json\/wp\/v2\/organizers\/555652\/revisions"}],"predecessor-version":[{"id":556374,"href":"https:\/\/riodejaneiro.wordcamp.org\/2015\/wp-json\/wp\/v2\/organizers\/555652\/revisions\/556374"}],"wp:attachment":[{"href":"https:\/\/riodejaneiro.wordcamp.org\/2015\/wp-json\/wp\/v2\/media?parent=555652"}],"wp:term":[{"taxonomy":"wcb_organizer_team","embeddable":true,"href":"https:\/\/riodejaneiro.wordcamp.org\/2015\/wp-json\/wp\/v2\/organizer_team?post=555652"}],"curies":[{"name":"wp","href":"https:\/\/api.w.org\/{rel}","templated":true}]}}

Felipe Pavão

<p>Desenvolvedor de software há 12 anos, é sócio-fundador da <a href="https://www.xdevs.com.br/suporte-wordpress" target="_blank">Xdevs</a>.<br />
Ao lado do @cristianoweb, é idealizador do podcast <a href="http://www.mercadowp.com.br" target="_blank">Mercado WP</a>, que fala sobre nossa ferramenta preferida. Tem como missão compartilhar um pouco de sua experiência no dia-a-dia com o WordPress.</p>
<p>&nbsp;</p>

<p>Desenvolvedor de software há 12 anos, é sócio-fundador da Xdevs. Ao lado do @cristianoweb, é idealizador do podcast Mercado WP, que fala sobre nossa ferramenta preferida. Tem como missão compartilhar um pouco de sua experiência no dia-a-dia com o WordPress. &nbsp;</p>
