{"id":54,"date":"2015-07-13T23:48:22","date_gmt":"2015-07-13T23:48:22","guid":{"rendered":"https:\/\/riodejaneiro.wordcamp.org\/2014\/?page_id=7"},"modified":"2015-09-11T07:19:27","modified_gmt":"2015-09-11T10:19:27","slug":"inscricoes","status":"publish","type":"page","link":"https:\/\/riodejaneiro.wordcamp.org\/2015\/inscricoes\/","title":{"rendered":"Fa\u00e7a sua inscri\u00e7\u00e3o"},"content":{"rendered":"<h1>Aten\u00e7\u00e3o! Quinta-feira, 27 de agosto, \u00e9 o \u00faltimo dia para se inscrever!<\/h2>\n<p>Fala torcedor! Seja bem-vindo a p\u00e1gina de inscri\u00e7\u00e3o do WordCamp Rio de Janeiro 2015. Aqui, voc\u00ea encontrar\u00e1 todas as modalidades de inscri\u00e7\u00e3o dispon\u00edveis.<\/p>\n<p>S\u00e3o elas:<\/p>\n<h2>Inscri\u00e7\u00e3o S\u00f3cio-torcedor<\/h2>\n<p>Modalidade de inscri\u00e7\u00e3o em forma de micro-patrocinio para <strong>pessoas f\u00edsicas<\/strong> que desejam participar e apoiar o evento. Este ingresso d\u00e1 direito aos seguintes itens:<\/p>\n<ul>\n<li>01 ingresso para o WordCamp Rio de Janeiro 2015;<\/li>\n<li>01 camisa e 01 caneca oficial;<\/li>\n<li>Nome destacado no site com link para seu perfil online (Facebook, Twitter,\u00a0LinkedIn, Google+ ou Github).<\/li>\n<\/ul>\n<h2>Inscri\u00e7\u00e3o padr\u00e3o<\/h2>\n<p>Modalidade de inscri\u00e7\u00e3o padr\u00e3o para os conferencistas do evento. Este ingresso d\u00e1 direito aos seguintes itens:<\/p>\n<ul>\n<li>01 ingresso para o WordCamp Rio de Janeiro 2015;<\/li>\n<li>01 camisa oficial <strong>(apenas para os 150 primeiros inscritos)<\/strong>.<\/li>\n<\/ul>\n<h2>Inscreva-se j\u00e1<\/h2>\n<p>Escolheu o ingresso que mais se encaixa com voc\u00ea? Ent\u00e3o aproveita que voc\u1ebd t\u00e1 aqui e se inscreve logo torcedor, as vagas s\u00e3o limitadas!<\/p>\n<a href=\"https:\/\/riodejaneiro.wordcamp.org\/2015\/inscricoes\/\">Please view this page in a browser to purchase or manage tickets.<\/a>\n<p>D\u00favidas? <a href=\"https:\/\/2015.riodejaneiro.wordcamp.org\/fale-conosco\/\" target=\"_blank\">Fale conosco<\/a>!<\/p>\n","protected":false},"excerpt":{"rendered":"<p>Aten\u00e7\u00e3o! Quinta-feira, 27 de agosto, \u00e9 o \u00faltimo dia para se inscrever! Fala torcedor! Seja bem-vindo a p\u00e1gina de inscri\u00e7\u00e3o do WordCamp Rio de Janeiro 2015. Aqui, voc\u00ea encontrar\u00e1 todas as modalidades de inscri\u00e7\u00e3o dispon\u00edveis. S\u00e3o elas: Inscri\u00e7\u00e3o S\u00f3cio-torcedor Modalidade de inscri\u00e7\u00e3o em forma de micro-patrocinio para pessoas f\u00edsicas que desejam participar e apoiar o &hellip; <a href=\"https:\/\/riodejaneiro.wordcamp.org\/2015\/inscricoes\/\" class=\"more-link\">Continue lendo <span class=\"screen-reader-text\">Fa\u00e7a sua inscri\u00e7\u00e3o<\/span> <span class=\"meta-nav\">&rarr;<\/span><\/a><\/p>\n","protected":false},"author":6896930,"featured_media":0,"parent":0,"menu_order":4,"comment_status":"closed","ping_status":"closed","template":"","meta":{"jetpack_post_was_ever_published":false,"footnotes":""},"class_list":["post-54","page","type-page","status-publish","hentry"],"jetpack_sharing_enabled":true,"jetpack_shortlink":"https:\/\/wp.me\/P6r9fy-S","jetpack_likes_enabled":true,"_links":{"self":[{"href":"https:\/\/riodejaneiro.wordcamp.org\/2015\/wp-json\/wp\/v2\/pages\/54","targetHints":{"allow":["GET"]}}],"collection":[{"href":"https:\/\/riodejaneiro.wordcamp.org\/2015\/wp-json\/wp\/v2\/pages"}],"about":[{"href":"https:\/\/riodejaneiro.wordcamp.org\/2015\/wp-json\/wp\/v2\/types\/page"}],"author":[{"embeddable":true,"href":"https:\/\/riodejaneiro.wordcamp.org\/2015\/wp-json\/wp\/v2\/users\/6896930"}],"replies":[{"embeddable":true,"href":"https:\/\/riodejaneiro.wordcamp.org\/2015\/wp-json\/wp\/v2\/comments?post=54"}],"version-history":[{"count":19,"href":"https:\/\/riodejaneiro.wordcamp.org\/2015\/wp-json\/wp\/v2\/pages\/54\/revisions"}],"predecessor-version":[{"id":556862,"href":"https:\/\/riodejaneiro.wordcamp.org\/2015\/wp-json\/wp\/v2\/pages\/54\/revisions\/556862"}],"wp:attachment":[{"href":"https:\/\/riodejaneiro.wordcamp.org\/2015\/wp-json\/wp\/v2\/media?parent=54"}],"curies":[{"name":"wp","href":"https:\/\/api.w.org\/{rel}","templated":true}]}}