{"id":554250,"date":"2015-07-13T08:04:23","date_gmt":"2015-07-13T08:04:23","guid":{"rendered":"https:\/\/riodejaneiro.wordcamp.org\/2014\/?page_id=554250"},"modified":"2015-07-15T02:03:42","modified_gmt":"2015-07-15T02:03:42","slug":"almoco","status":"publish","type":"page","link":"https:\/\/riodejaneiro.wordcamp.org\/2015\/sobre\/guia-de-sobrevivencia\/almoco\/","title":{"rendered":"Locais Indicados para o Almo\u00e7o"},"content":{"rendered":"<h3>Op\u00e7\u00f5es na rua Marqu\u00eas de Abrantes<\/h3>\n<p><strong>Mitsuo Japones<\/strong><br \/>\nRua Marqu\u00eas de Abrantes, 87 &#8211; Flamengo<br \/>\n(21) 2553-2806<\/p>\n<hr \/>\n<p><strong>Bumerang Mix<\/strong><br \/>\nRua Paissandu, 122 &#8211; Flamengo<br \/>\n(21) 2225-5565<\/p>\n<hr \/>\n<p><strong>Lamas Restaurante<\/strong><br \/>\nRua Marqu\u00eas de Abrantes, 18 &#8211; Flamengo<br \/>\n(21) 2556-0229<\/p>\n<hr \/>\n<p><strong>Restaurante Broz<\/strong><br \/>\nRua Marqu\u00eas de Abrantes, 216 &#8211; Flamengo<br \/>\n(21) 2554-7546<\/p>\n<hr \/>\n<h3>Op\u00e7\u00f5es na rua Senador Vergueiro<\/h3>\n<p><strong>Garota do Flamengo<\/strong><br \/>\nRua Senador Vergueiro, 41 &#8211; Flamengo<br \/>\n(21) 2265-6297<\/p>\n<hr \/>\n<p><strong>Planalto do Chopp<\/strong><br \/>\nRua Bar\u00e3o do Flamengo, 35 &#8211; Flamengo<br \/>\n(21)2225-6094<\/p>\n<hr \/>\n<p><strong>Mister Pizza<\/strong><br \/>\nRua Sen Vergueiro, 177 &#8211; Flamengo<br \/>\n(21) 2285-3444<\/p>\n<hr \/>\n<h3>Op\u00e7\u00f5es na Praia de Botafogo<\/h3>\n<p><strong>Catarina (antigo Fornalha)<\/strong><br \/>\nPraia de Botafogo, 122 &#8211; Flamengo<br \/>\n(21) 3594-1541<\/p>\n<hr \/>\n<p><strong>Porc\u00e3o Rios (Aterro do Flamengo)<\/strong><br \/>\nParque do Flamengo, S\/N &#8211; Flamengo<br \/>\n(21) 2554-8492<\/p>\n<hr \/>\n<h3>Op\u00e7\u00f5es no bairro Largo do Machado<\/h3>\n<p><strong>Rotisseria S\u00edrio-Libanesa &#8211; Galeria Condor<\/strong><br \/>\nLargo do Machado &#8211; Flamengo<br \/>\n(21) 25757 2377<\/p>\n<hr \/>\n<h3>Op\u00e7\u00f5es no bairro do Catete<\/h3>\n<p><strong>Subway<\/strong><br \/>\nRua do Catete, 355 &#8211; Flamengo<br \/>\n(21) 2225-7916<\/p>\n<hr \/>\n<p><strong>Parm\u00ea &#8211; Largo do Machado (express)<\/strong><br \/>\nRua do Catete, 311 &#8211; Flamengo<br \/>\n(21) 2557-7183<\/p>\n","protected":false},"excerpt":{"rendered":"<p>Op\u00e7\u00f5es na rua Marqu\u00eas de Abrantes Mitsuo Japones Rua Marqu\u00eas de Abrantes, 87 &#8211; Flamengo (21) 2553-2806 Bumerang Mix Rua Paissandu, 122 &#8211; Flamengo (21) 2225-5565 Lamas Restaurante Rua Marqu\u00eas de Abrantes, 18 &#8211; Flamengo (21) 2556-0229 Restaurante Broz Rua Marqu\u00eas de Abrantes, 216 &#8211; Flamengo (21) 2554-7546 Op\u00e7\u00f5es na rua Senador Vergueiro Garota do &hellip; <a href=\"https:\/\/riodejaneiro.wordcamp.org\/2015\/sobre\/guia-de-sobrevivencia\/almoco\/\" class=\"more-link\">Continue lendo <span class=\"screen-reader-text\">Locais Indicados para o Almo\u00e7o<\/span> <span class=\"meta-nav\">&rarr;<\/span><\/a><\/p>\n","protected":false},"author":6896930,"featured_media":0,"parent":554679,"menu_order":2,"comment_status":"closed","ping_status":"closed","template":"","meta":{"jetpack_post_was_ever_published":false,"footnotes":""},"class_list":["post-554250","page","type-page","status-publish","hentry"],"jetpack_sharing_enabled":true,"jetpack_shortlink":"https:\/\/wp.me\/P6r9fy-2kbw","jetpack_likes_enabled":true,"_links":{"self":[{"href":"https:\/\/riodejaneiro.wordcamp.org\/2015\/wp-json\/wp\/v2\/pages\/554250","targetHints":{"allow":["GET"]}}],"collection":[{"href":"https:\/\/riodejaneiro.wordcamp.org\/2015\/wp-json\/wp\/v2\/pages"}],"about":[{"href":"https:\/\/riodejaneiro.wordcamp.org\/2015\/wp-json\/wp\/v2\/types\/page"}],"author":[{"embeddable":true,"href":"https:\/\/riodejaneiro.wordcamp.org\/2015\/wp-json\/wp\/v2\/users\/6896930"}],"replies":[{"embeddable":true,"href":"https:\/\/riodejaneiro.wordcamp.org\/2015\/wp-json\/wp\/v2\/comments?post=554250"}],"version-history":[{"count":1,"href":"https:\/\/riodejaneiro.wordcamp.org\/2015\/wp-json\/wp\/v2\/pages\/554250\/revisions"}],"predecessor-version":[{"id":555626,"href":"https:\/\/riodejaneiro.wordcamp.org\/2015\/wp-json\/wp\/v2\/pages\/554250\/revisions\/555626"}],"up":[{"embeddable":true,"href":"https:\/\/riodejaneiro.wordcamp.org\/2015\/wp-json\/wp\/v2\/pages\/554679"}],"wp:attachment":[{"href":"https:\/\/riodejaneiro.wordcamp.org\/2015\/wp-json\/wp\/v2\/media?parent=554250"}],"curies":[{"name":"wp","href":"https:\/\/api.w.org\/{rel}","templated":true}]}}