{"id":554527,"date":"2015-07-13T17:51:12","date_gmt":"2015-07-13T17:51:12","guid":{"rendered":"https:\/\/riodejaneiro.wordcamp.org\/2014\/?page_id=554527"},"modified":"2015-07-17T18:43:25","modified_gmt":"2015-07-17T21:43:25","slug":"hoteis","status":"publish","type":"page","link":"https:\/\/riodejaneiro.wordcamp.org\/2015\/sobre\/guia-de-sobrevivencia\/hoteis\/","title":{"rendered":"Onde se Hospedar"},"content":{"rendered":"<h3>Op\u00e7\u00f5es de Hostels em Botafogo<\/h3>\n<div class=\"googlemaps\">\n\t\t\t\t<iframe loading=\"lazy\" width=\"860\" height=\"400\" frameborder=\"0\" scrolling=\"no\" marginheight=\"0\" marginwidth=\"0\"  src=\"https:\/\/www.google.com\/maps\/embed?pb=!1m12!1m8!1m3!1d7348.218674991194!2d-43.18218021268919!3d-22.94620007079175!3m2!1i1024!2i768!4f13.1!2m1!1shostel%20botafogo!5e0!3m2!1sen!2sbr!4v1409665636701\"><\/iframe>\n\t\t\t<\/div>\n<h3>Op\u00e7\u00f5es de Hostels no Catete<\/h3>\n<div class=\"googlemaps\">\n\t\t\t\t<iframe loading=\"lazy\" width=\"860\" height=\"400\" frameborder=\"0\" scrolling=\"no\" marginheight=\"0\" marginwidth=\"0\"  src=\"https:\/\/www.google.com\/maps\/embed?pb=!1m12!1m8!1m3!1d7349.4348687167385!2d-43.17817242275393!3d-22.923790843079832!3m2!1i1024!2i768!4f13.1!2m1!1shostel%20catete!5e0!3m2!1sen!2sbr!4v1409665755104\"><\/iframe>\n\t\t\t<\/div>\n<h3>Op\u00e7\u00f5es de Hot\u00e9is pr\u00f3ximos ao Aeroporto Santos Dumont<\/h3>\n<p><a href=\"http:\/\/www.decolar.com\/hoteis\/hl\/6381\/p197551\/i1\/hoteis-proximo-aeroporto+santos+dumont-em-rio+de+janeiro\"><img loading=\"lazy\" decoding=\"async\" src=\"https:\/\/2015.riodejaneiro.wordcamp.org\/files\/2015\/07\/thumb-guia-de-sobrevivencia-hoteis-decolar-com.png\" alt=\"Guia de sobreviv\u00eancia - Indicacoes de hoteis Decolar.com\" width=\"860\" height=\"400\" class=\"aligncenter size-medium wp-image-555865\" srcset=\"https:\/\/riodejaneiro.wordcamp.org\/2015\/files\/2015\/07\/thumb-guia-de-sobrevivencia-hoteis-decolar-com.png 860w, https:\/\/riodejaneiro.wordcamp.org\/2015\/files\/2015\/07\/thumb-guia-de-sobrevivencia-hoteis-decolar-com-300x140.png 300w, https:\/\/riodejaneiro.wordcamp.org\/2015\/files\/2015\/07\/thumb-guia-de-sobrevivencia-hoteis-decolar-com-500x233.png 500w\" sizes=\"auto, (max-width: 860px) 100vw, 860px\" \/><\/a><\/p>\n","protected":false},"excerpt":{"rendered":"<p>Op\u00e7\u00f5es de Hostels em Botafogo Op\u00e7\u00f5es de Hostels no Catete Op\u00e7\u00f5es de Hot\u00e9is pr\u00f3ximos ao Aeroporto Santos Dumont<\/p>\n","protected":false},"author":6896930,"featured_media":0,"parent":554679,"menu_order":3,"comment_status":"closed","ping_status":"closed","template":"","meta":{"jetpack_post_was_ever_published":false,"footnotes":""},"class_list":["post-554527","page","type-page","status-publish","hentry"],"jetpack_sharing_enabled":true,"jetpack_shortlink":"https:\/\/wp.me\/P6r9fy-2kfZ","jetpack_likes_enabled":true,"_links":{"self":[{"href":"https:\/\/riodejaneiro.wordcamp.org\/2015\/wp-json\/wp\/v2\/pages\/554527","targetHints":{"allow":["GET"]}}],"collection":[{"href":"https:\/\/riodejaneiro.wordcamp.org\/2015\/wp-json\/wp\/v2\/pages"}],"about":[{"href":"https:\/\/riodejaneiro.wordcamp.org\/2015\/wp-json\/wp\/v2\/types\/page"}],"author":[{"embeddable":true,"href":"https:\/\/riodejaneiro.wordcamp.org\/2015\/wp-json\/wp\/v2\/users\/6896930"}],"replies":[{"embeddable":true,"href":"https:\/\/riodejaneiro.wordcamp.org\/2015\/wp-json\/wp\/v2\/comments?post=554527"}],"version-history":[{"count":3,"href":"https:\/\/riodejaneiro.wordcamp.org\/2015\/wp-json\/wp\/v2\/pages\/554527\/revisions"}],"predecessor-version":[{"id":555868,"href":"https:\/\/riodejaneiro.wordcamp.org\/2015\/wp-json\/wp\/v2\/pages\/554527\/revisions\/555868"}],"up":[{"embeddable":true,"href":"https:\/\/riodejaneiro.wordcamp.org\/2015\/wp-json\/wp\/v2\/pages\/554679"}],"wp:attachment":[{"href":"https:\/\/riodejaneiro.wordcamp.org\/2015\/wp-json\/wp\/v2\/media?parent=554527"}],"curies":[{"name":"wp","href":"https:\/\/api.w.org\/{rel}","templated":true}]}}