{"id":554659,"date":"2015-07-13T08:15:31","date_gmt":"2015-07-13T08:15:31","guid":{"rendered":"https:\/\/riodejaneiro.wordcamp.org\/2014\/?page_id=554659"},"modified":"2015-07-21T19:22:59","modified_gmt":"2015-07-21T22:22:59","slug":"socio-torcedor","status":"publish","type":"page","link":"https:\/\/riodejaneiro.wordcamp.org\/2015\/patrocinadores\/socio-torcedor\/","title":{"rendered":"S\u00f3cio-torcedor"},"content":{"rendered":"<p><img loading=\"lazy\" decoding=\"async\" class=\"alignright size-full wp-image-555843\" src=\"https:\/\/2015.riodejaneiro.wordcamp.org\/files\/2015\/07\/thumb-socio-torcedor.png\" alt=\"thumb-socio-torcedor\" width=\"450\" height=\"450\" srcset=\"https:\/\/riodejaneiro.wordcamp.org\/2015\/files\/2015\/07\/thumb-socio-torcedor.png 450w, https:\/\/riodejaneiro.wordcamp.org\/2015\/files\/2015\/07\/thumb-socio-torcedor-150x150.png 150w, https:\/\/riodejaneiro.wordcamp.org\/2015\/files\/2015\/07\/thumb-socio-torcedor-300x300.png 300w\" sizes=\"auto, (max-width: 450px) 100vw, 450px\" \/>Que tal ajudar o seu evento de cora\u00e7\u00e3o?<\/p>\n<p>Seja um s\u00f3cio-torcedor do WordCamp Rio de Janeiro! Adquirindo nosso plano &#8220;O Maraca \u00e9 nosso&#8221;, voc\u00ea ter\u00e1 direito a:<\/p>\n<ul>\n<li>Ingresso especial para o WordCamp Rio de Janeiro 2015<\/li>\n<li>Brindes Exclusivos<\/li>\n<li>Agradecimento Especial no evento<\/li>\n<li>Nome e link para seu perfil ou site, no nosso site<\/li>\n<\/ul>\n<p><small>Modalidade de inscri\u00e7\u00e3o em forma de micro-patrocinio para <strong>pessoas f\u00edsicas<\/strong> que desejam participar e apoiar o evento. Pessoas jur\u00eddicas devem buscar como se tornar um patrocinador do evento.<\/small><\/p>\n","protected":false},"excerpt":{"rendered":"<p>Que tal ajudar o seu evento de cora\u00e7\u00e3o? Seja um s\u00f3cio-torcedor do WordCamp Rio de Janeiro! Adquirindo nosso plano &#8220;O Maraca \u00e9 nosso&#8221;, voc\u00ea ter\u00e1 direito a: Ingresso especial para o WordCamp Rio de Janeiro 2015 Brindes Exclusivos Agradecimento Especial no evento Nome e link para seu perfil ou site, no nosso site Modalidade de &hellip; <a href=\"https:\/\/riodejaneiro.wordcamp.org\/2015\/patrocinadores\/socio-torcedor\/\" class=\"more-link\">Continue lendo <span class=\"screen-reader-text\">S\u00f3cio-torcedor<\/span> <span class=\"meta-nav\">&rarr;<\/span><\/a><\/p>\n","protected":false},"author":6896930,"featured_media":0,"parent":554644,"menu_order":0,"comment_status":"closed","ping_status":"closed","template":"","meta":{"jetpack_post_was_ever_published":false,"footnotes":""},"class_list":["post-554659","page","type-page","status-publish","hentry"],"jetpack_sharing_enabled":true,"jetpack_shortlink":"https:\/\/wp.me\/P6r9fy-2ki7","jetpack_likes_enabled":true,"_links":{"self":[{"href":"https:\/\/riodejaneiro.wordcamp.org\/2015\/wp-json\/wp\/v2\/pages\/554659","targetHints":{"allow":["GET"]}}],"collection":[{"href":"https:\/\/riodejaneiro.wordcamp.org\/2015\/wp-json\/wp\/v2\/pages"}],"about":[{"href":"https:\/\/riodejaneiro.wordcamp.org\/2015\/wp-json\/wp\/v2\/types\/page"}],"author":[{"embeddable":true,"href":"https:\/\/riodejaneiro.wordcamp.org\/2015\/wp-json\/wp\/v2\/users\/6896930"}],"replies":[{"embeddable":true,"href":"https:\/\/riodejaneiro.wordcamp.org\/2015\/wp-json\/wp\/v2\/comments?post=554659"}],"version-history":[{"count":9,"href":"https:\/\/riodejaneiro.wordcamp.org\/2015\/wp-json\/wp\/v2\/pages\/554659\/revisions"}],"predecessor-version":[{"id":556065,"href":"https:\/\/riodejaneiro.wordcamp.org\/2015\/wp-json\/wp\/v2\/pages\/554659\/revisions\/556065"}],"up":[{"embeddable":true,"href":"https:\/\/riodejaneiro.wordcamp.org\/2015\/wp-json\/wp\/v2\/pages\/554644"}],"wp:attachment":[{"href":"https:\/\/riodejaneiro.wordcamp.org\/2015\/wp-json\/wp\/v2\/media?parent=554659"}],"curies":[{"name":"wp","href":"https:\/\/api.w.org\/{rel}","templated":true}]}}