{"id":11,"date":"2024-02-14T21:00:49","date_gmt":"2024-02-15T00:00:49","guid":{"rendered":"https:\/\/riodejaneiro.wordcamp.org\/2024\/location\/"},"modified":"2024-08-08T19:39:01","modified_gmt":"2024-08-08T22:39:01","slug":"local","status":"publish","type":"page","link":"https:\/\/riodejaneiro.wordcamp.org\/2024\/local\/","title":{"rendered":"Calend\u00e1rio &amp; Localiza\u00e7\u00e3o"},"content":{"rendered":"\n<p>O WordCamp Rio 2024 ser\u00e1 dividido em dois dias \u2014&nbsp;teremos um dia dedicado para colabora\u00e7\u00e3o, onde iremos juntar pessoas interessadas em contribuirem para o WordPress de diferentes formas, e um segundo dia de confer\u00eancia, onde teremos palestras e oportunidade de aprender mais sobre WordPress e assuntos relacionados.<\/p>\n\n\n\n<h2 class=\"wp-block-heading\">Sobre o dia 16\/08 (dia de colabora\u00e7\u00e3o)<\/h2>\n\n\n\n<div class=\"wp-block-columns is-layout-flex wp-container-core-columns-is-layout-28f84493 wp-block-columns-is-layout-flex\">\n<div class=\"wp-block-column is-vertically-aligned-center is-layout-flow wp-block-column-is-layout-flow\">\n<p>Para o primeiro dia do evento, iremos nos reunir no <a href=\"https:\/\/www.wework.com\/pt-BR\/buildings\/bossa-nova-mall--rio-de-janeiro\">WeWork do Bossa Nova Mall<\/a>, um moderno espa\u00e7o de coworking onde teremos algumas salas dedicadas ao WordCamp Rio 2024.<\/p>\n\n\n\n<p>O evento no dia 16\/08 vai acontecer entre 13:00 e 18:00 e teremos um <em>pequeno happy<\/em> hour depois disso.<\/p>\n\n\n\n<p><strong><em>Av. Alm. Silvio de Noronha, 365 \u2014 Centro, Rio de Janeiro, RJ 20021-010<\/em><\/strong><br>(anexo ao aeroporto Santos Dumont)<\/p>\n<\/div>\n\n\n\n<div class=\"wp-block-column is-vertically-aligned-center is-layout-flow wp-block-column-is-layout-flow\" style=\"flex-basis:30%\">\n<div class=\"wp-block-buttons is-content-justification-center is-layout-flex wp-container-core-buttons-is-layout-a89b3969 wp-block-buttons-is-layout-flex\">\n<div class=\"wp-block-button\"><a class=\"wp-block-button__link has-contrast-3-background-color has-background wp-element-button\" href=\"https:\/\/maps.app.goo.gl\/AEh7eyk5nNNehxVB6\">Ver no Mapa<\/a><\/div>\n<\/div>\n<\/div>\n<\/div>\n\n\n\n<p><\/p>\n\n\n\n<h2 class=\"wp-block-heading\">Sobre o dia 17\/08 (dia de confer\u00eancia)<\/h2>\n\n\n\n<div class=\"wp-block-columns is-layout-flex wp-container-core-columns-is-layout-28f84493 wp-block-columns-is-layout-flex\">\n<div class=\"wp-block-column is-vertically-aligned-center is-layout-flow wp-block-column-is-layout-flow\">\n<p>Para o segundo dia do evento, o WordCamp Rio de 2024 ser\u00e1 realizado no&nbsp;<a href=\"https:\/\/www10.trf2.jus.br\/ccjf\/\">Centro Cultural Justi\u00e7a Federal (CCJF)<\/a> do Rio de Janeiro, um bel\u00edssimo espa\u00e7o cultural no Centro, num pr\u00e9dio hist\u00f3rico no&nbsp;Quadril\u00e1tero Cultural da Cinel\u00e2ndia.<\/p>\n\n\n\n<p>Neste dia, o evento come\u00e7ar\u00e1 \u00e0s 10:00 (com registro e caf\u00e9 da manh\u00e3 a partir das 9:00) e terminar\u00e1 \u00e0s 18:00.<\/p>\n\n\n\n<p><strong><em>Av. Rio Branco, 241 \u2014 Centro, Rio de Janeiro, RJ 20040-009<\/em><\/strong><br>(em frente a pra\u00e7a da Cinel\u00e2ndia)<\/p>\n<\/div>\n\n\n\n<div class=\"wp-block-column is-vertically-aligned-center is-layout-flow wp-block-column-is-layout-flow\" style=\"flex-basis:30%\">\n<div class=\"wp-block-buttons is-content-justification-center is-layout-flex wp-container-core-buttons-is-layout-a89b3969 wp-block-buttons-is-layout-flex\">\n<div class=\"wp-block-button\"><a class=\"wp-block-button__link has-contrast-3-background-color has-background wp-element-button\" href=\"https:\/\/maps.app.goo.gl\/RQQS3ie1jK3xG9oR8\">Ver no Mapa<\/a><\/div>\n<\/div>\n\n\n\n<div class=\"wp-block-buttons is-content-justification-center is-layout-flex wp-container-core-buttons-is-layout-a89b3969 wp-block-buttons-is-layout-flex\">\n<div class=\"wp-block-button\"><a class=\"wp-block-button__link has-accent-2-background-color has-background wp-element-button\" href=\"https:\/\/riodejaneiro.wordcamp.org\/2024\/programacao\/\">Programa\u00e7\u00e3o<\/a><\/div>\n<\/div>\n<\/div>\n<\/div>\n\n\n\n<h3 class=\"wp-block-heading\">Como chegar<\/h3>\n\n\n\n<p>Por estar localizado em frente \u00e0 Cinel\u00e2ndia uma boa op\u00e7\u00e3o \u00e9 o Metro. Basta descer na esta\u00e7\u00e3o Cinel\u00e2ndia usando as linhas 1 e 4 (laranja) ou a linha 2 (verde).<\/p>\n\n\n\n<p>Outras op\u00e7\u00f5es incluem o ponto de bonde (VLT, linhas 1 e 3) e algumas linhas de \u00f4nibus (detalhados em breve de acordo com a regi\u00e3o de sa\u00edda).<\/p>\n\n\n\n<p><\/p>\n\n\n\n<h3 class=\"wp-block-heading\">Sobre o CCJF<\/h3>\n\n\n\n<div class=\"wp-block-columns is-layout-flex wp-container-core-columns-is-layout-28f84493 wp-block-columns-is-layout-flex\">\n<div class=\"wp-block-column is-vertically-aligned-center is-layout-flow wp-block-column-is-layout-flow\">\n<p>O CCJF \u00e9 um espa\u00e7o cultural localizado no Rio de Janeiro e fica no lugar do antigo pr\u00e9dio do Supremo Tribunal Federal, que foi constru\u00eddo em 1909 e \u00e9 um exemplo de arquitetura ecl\u00e9tica. A constru\u00e7\u00e3o do pr\u00e9dio teve in\u00edcio em 1905, como parte integrante do projeto de reformula\u00e7\u00e3o urban\u00edstica da cidade.<\/p>\n\n\n\n<p>O espa\u00e7o oferece uma variedade de eventos culturais, incluindo exposi\u00e7\u00f5es de arte, apresenta\u00e7\u00f5es teatrais, concertos, palestras, workshops e sess\u00f5es de cinema.<\/p>\n<\/div>\n\n\n\n<div class=\"wp-block-column is-vertically-aligned-center is-layout-flow wp-block-column-is-layout-flow\">\n<div class=\"wp-block-jetpack-slideshow aligncenter\" data-effect=\"slide\"><div class=\"wp-block-jetpack-slideshow_container swiper-container\"><ul class=\"wp-block-jetpack-slideshow_swiper-wrapper swiper-wrapper\"><li class=\"wp-block-jetpack-slideshow_slide swiper-slide\"><figure><img loading=\"lazy\" decoding=\"async\" width=\"900\" height=\"600\" alt=\"Interior do CCJF - Escadaria\" class=\"wp-block-jetpack-slideshow_image wp-image-1422\" data-id=\"1422\" src=\"https:\/\/riodejaneiro.wordcamp.org\/2024\/files\/2024\/05\/ccjf-interior-2.webp\" srcset=\"https:\/\/riodejaneiro.wordcamp.org\/2024\/files\/2024\/05\/ccjf-interior-2.webp 900w, https:\/\/riodejaneiro.wordcamp.org\/2024\/files\/2024\/05\/ccjf-interior-2-300x200.webp 300w, https:\/\/riodejaneiro.wordcamp.org\/2024\/files\/2024\/05\/ccjf-interior-2-768x512.webp 768w, https:\/\/riodejaneiro.wordcamp.org\/2024\/files\/2024\/05\/ccjf-interior-2-450x300.webp 450w\" sizes=\"(max-width: 900px) 100vw, 900px\" \/><\/figure><\/li><li class=\"wp-block-jetpack-slideshow_slide swiper-slide\"><figure><img loading=\"lazy\" decoding=\"async\" width=\"900\" height=\"600\" alt=\"Interior do CCJF - sala de Teatro\" class=\"wp-block-jetpack-slideshow_image wp-image-1424\" data-id=\"1424\" src=\"https:\/\/riodejaneiro.wordcamp.org\/2024\/files\/2024\/05\/ccjf-interior-4.webp\" srcset=\"https:\/\/riodejaneiro.wordcamp.org\/2024\/files\/2024\/05\/ccjf-interior-4.webp 900w, https:\/\/riodejaneiro.wordcamp.org\/2024\/files\/2024\/05\/ccjf-interior-4-300x200.webp 300w, https:\/\/riodejaneiro.wordcamp.org\/2024\/files\/2024\/05\/ccjf-interior-4-768x512.webp 768w, https:\/\/riodejaneiro.wordcamp.org\/2024\/files\/2024\/05\/ccjf-interior-4-450x300.webp 450w\" sizes=\"(max-width: 900px) 100vw, 900px\" \/><\/figure><\/li><li class=\"wp-block-jetpack-slideshow_slide swiper-slide\"><figure><img loading=\"lazy\" decoding=\"async\" width=\"1020\" height=\"1020\" alt=\"\" class=\"wp-block-jetpack-slideshow_image wp-image-1827\" data-id=\"1827\" src=\"https:\/\/riodejaneiro.wordcamp.org\/2024\/files\/2024\/05\/2021-11-05.jpg\" srcset=\"https:\/\/riodejaneiro.wordcamp.org\/2024\/files\/2024\/05\/2021-11-05.jpg 1020w, https:\/\/riodejaneiro.wordcamp.org\/2024\/files\/2024\/05\/2021-11-05-300x300.jpg 300w, https:\/\/riodejaneiro.wordcamp.org\/2024\/files\/2024\/05\/2021-11-05-150x150.jpg 150w, https:\/\/riodejaneiro.wordcamp.org\/2024\/files\/2024\/05\/2021-11-05-768x768.jpg 768w\" sizes=\"(max-width: 1020px) 100vw, 1020px\" \/><\/figure><\/li><li class=\"wp-block-jetpack-slideshow_slide swiper-slide\"><figure><img loading=\"lazy\" decoding=\"async\" width=\"765\" height=\"1020\" alt=\"\" class=\"wp-block-jetpack-slideshow_image wp-image-1828\" data-id=\"1828\" src=\"https:\/\/riodejaneiro.wordcamp.org\/2024\/files\/2024\/05\/2022-07-05.jpg\" srcset=\"https:\/\/riodejaneiro.wordcamp.org\/2024\/files\/2024\/05\/2022-07-05.jpg 765w, https:\/\/riodejaneiro.wordcamp.org\/2024\/files\/2024\/05\/2022-07-05-225x300.jpg 225w\" sizes=\"(max-width: 765px) 100vw, 765px\" \/><\/figure><\/li><li class=\"wp-block-jetpack-slideshow_slide swiper-slide\"><figure><img loading=\"lazy\" decoding=\"async\" width=\"1024\" height=\"768\" alt=\"\" class=\"wp-block-jetpack-slideshow_image wp-image-1829\" data-id=\"1829\" src=\"https:\/\/riodejaneiro.wordcamp.org\/2024\/files\/2024\/05\/2022-07-28-1024x768.jpg\" srcset=\"https:\/\/riodejaneiro.wordcamp.org\/2024\/files\/2024\/05\/2022-07-28-1024x768.jpg 1024w, https:\/\/riodejaneiro.wordcamp.org\/2024\/files\/2024\/05\/2022-07-28-300x225.jpg 300w, https:\/\/riodejaneiro.wordcamp.org\/2024\/files\/2024\/05\/2022-07-28-768x576.jpg 768w, https:\/\/riodejaneiro.wordcamp.org\/2024\/files\/2024\/05\/2022-07-28-400x300.jpg 400w, https:\/\/riodejaneiro.wordcamp.org\/2024\/files\/2024\/05\/2022-07-28.jpg 1360w\" sizes=\"(max-width: 1024px) 100vw, 1024px\" \/><\/figure><\/li><li class=\"wp-block-jetpack-slideshow_slide swiper-slide\"><figure><img loading=\"lazy\" decoding=\"async\" width=\"765\" height=\"1020\" alt=\"\" class=\"wp-block-jetpack-slideshow_image wp-image-1830\" data-id=\"1830\" src=\"https:\/\/riodejaneiro.wordcamp.org\/2024\/files\/2024\/05\/2023-05-22.jpg\" srcset=\"https:\/\/riodejaneiro.wordcamp.org\/2024\/files\/2024\/05\/2023-05-22.jpg 765w, https:\/\/riodejaneiro.wordcamp.org\/2024\/files\/2024\/05\/2023-05-22-225x300.jpg 225w\" sizes=\"(max-width: 765px) 100vw, 765px\" \/><\/figure><\/li><li class=\"wp-block-jetpack-slideshow_slide swiper-slide\"><figure><img loading=\"lazy\" decoding=\"async\" width=\"1024\" height=\"768\" alt=\"\" class=\"wp-block-jetpack-slideshow_image wp-image-1831\" data-id=\"1831\" src=\"https:\/\/riodejaneiro.wordcamp.org\/2024\/files\/2024\/05\/2024-01-21-1-1-1024x768.jpg\" srcset=\"https:\/\/riodejaneiro.wordcamp.org\/2024\/files\/2024\/05\/2024-01-21-1-1-1024x768.jpg 1024w, https:\/\/riodejaneiro.wordcamp.org\/2024\/files\/2024\/05\/2024-01-21-1-1-300x225.jpg 300w, https:\/\/riodejaneiro.wordcamp.org\/2024\/files\/2024\/05\/2024-01-21-1-1-768x576.jpg 768w, https:\/\/riodejaneiro.wordcamp.org\/2024\/files\/2024\/05\/2024-01-21-1-1-400x300.jpg 400w, https:\/\/riodejaneiro.wordcamp.org\/2024\/files\/2024\/05\/2024-01-21-1-1.jpg 1360w\" sizes=\"(max-width: 1024px) 100vw, 1024px\" \/><\/figure><\/li><li class=\"wp-block-jetpack-slideshow_slide swiper-slide\"><figure><img loading=\"lazy\" decoding=\"async\" width=\"765\" height=\"1020\" alt=\"\" class=\"wp-block-jetpack-slideshow_image wp-image-1832\" data-id=\"1832\" src=\"https:\/\/riodejaneiro.wordcamp.org\/2024\/files\/2024\/05\/2024-01-21.jpg\" srcset=\"https:\/\/riodejaneiro.wordcamp.org\/2024\/files\/2024\/05\/2024-01-21.jpg 765w, https:\/\/riodejaneiro.wordcamp.org\/2024\/files\/2024\/05\/2024-01-21-225x300.jpg 225w\" sizes=\"(max-width: 765px) 100vw, 765px\" \/><\/figure><\/li><li class=\"wp-block-jetpack-slideshow_slide swiper-slide\"><figure><img loading=\"lazy\" decoding=\"async\" width=\"1024\" height=\"768\" alt=\"\" class=\"wp-block-jetpack-slideshow_image wp-image-1833\" data-id=\"1833\" src=\"https:\/\/riodejaneiro.wordcamp.org\/2024\/files\/2024\/05\/20220915_144445-1-1024x768.jpg\" srcset=\"https:\/\/riodejaneiro.wordcamp.org\/2024\/files\/2024\/05\/20220915_144445-1-1024x768.jpg 1024w, https:\/\/riodejaneiro.wordcamp.org\/2024\/files\/2024\/05\/20220915_144445-1-300x225.jpg 300w, https:\/\/riodejaneiro.wordcamp.org\/2024\/files\/2024\/05\/20220915_144445-1-768x576.jpg 768w, https:\/\/riodejaneiro.wordcamp.org\/2024\/files\/2024\/05\/20220915_144445-1-400x300.jpg 400w, https:\/\/riodejaneiro.wordcamp.org\/2024\/files\/2024\/05\/20220915_144445-1.jpg 1360w\" sizes=\"(max-width: 1024px) 100vw, 1024px\" \/><\/figure><\/li><li class=\"wp-block-jetpack-slideshow_slide swiper-slide\"><figure><img loading=\"lazy\" decoding=\"async\" width=\"765\" height=\"1020\" alt=\"\" class=\"wp-block-jetpack-slideshow_image wp-image-1834\" data-id=\"1834\" src=\"https:\/\/riodejaneiro.wordcamp.org\/2024\/files\/2024\/05\/20230704_0948582.jpg\" srcset=\"https:\/\/riodejaneiro.wordcamp.org\/2024\/files\/2024\/05\/20230704_0948582.jpg 765w, https:\/\/riodejaneiro.wordcamp.org\/2024\/files\/2024\/05\/20230704_0948582-225x300.jpg 225w\" sizes=\"(max-width: 765px) 100vw, 765px\" \/><\/figure><\/li><li class=\"wp-block-jetpack-slideshow_slide swiper-slide\"><figure><img loading=\"lazy\" decoding=\"async\" width=\"800\" height=\"600\" alt=\"\" class=\"wp-block-jetpack-slideshow_image wp-image-1835\" data-id=\"1835\" src=\"https:\/\/riodejaneiro.wordcamp.org\/2024\/files\/2024\/05\/teatro-1.jpg\" srcset=\"https:\/\/riodejaneiro.wordcamp.org\/2024\/files\/2024\/05\/teatro-1.jpg 800w, https:\/\/riodejaneiro.wordcamp.org\/2024\/files\/2024\/05\/teatro-1-300x225.jpg 300w, https:\/\/riodejaneiro.wordcamp.org\/2024\/files\/2024\/05\/teatro-1-768x576.jpg 768w, https:\/\/riodejaneiro.wordcamp.org\/2024\/files\/2024\/05\/teatro-1-400x300.jpg 400w\" sizes=\"(max-width: 800px) 100vw, 800px\" \/><\/figure><\/li><li class=\"wp-block-jetpack-slideshow_slide swiper-slide\"><figure><img loading=\"lazy\" decoding=\"async\" width=\"800\" height=\"600\" alt=\"\" class=\"wp-block-jetpack-slideshow_image wp-image-1836\" data-id=\"1836\" src=\"https:\/\/riodejaneiro.wordcamp.org\/2024\/files\/2024\/05\/teatro2-1.jpg\" srcset=\"https:\/\/riodejaneiro.wordcamp.org\/2024\/files\/2024\/05\/teatro2-1.jpg 800w, https:\/\/riodejaneiro.wordcamp.org\/2024\/files\/2024\/05\/teatro2-1-300x225.jpg 300w, https:\/\/riodejaneiro.wordcamp.org\/2024\/files\/2024\/05\/teatro2-1-768x576.jpg 768w, https:\/\/riodejaneiro.wordcamp.org\/2024\/files\/2024\/05\/teatro2-1-400x300.jpg 400w\" sizes=\"(max-width: 800px) 100vw, 800px\" \/><\/figure><\/li><\/ul><a class=\"wp-block-jetpack-slideshow_button-prev swiper-button-prev swiper-button-white\" role=\"button\"><\/a><a class=\"wp-block-jetpack-slideshow_button-next swiper-button-next swiper-button-white\" role=\"button\"><\/a><a aria-label=\"Pause Slideshow\" class=\"wp-block-jetpack-slideshow_button-pause\" role=\"button\"><\/a><div class=\"wp-block-jetpack-slideshow_pagination swiper-pagination swiper-pagination-white\"><\/div><\/div><\/div>\n<\/div>\n<\/div>\n\n\n\n<p>Aberto a visita\u00e7\u00e3o de ter\u00e7a \u00e0 domingo das 11h \u00e0s 19h o espa\u00e7o conta com uma biblioteca, sala de cinema e teatro e oferece visitas orientada. Caso tenha interesse voc\u00ea pode realizar agendamento com o Setor Educativo por <a href=\"mailto:visitas.ccjf@trf2.jus.br\">visitas.ccjf@trf2.jus.br<\/a>.<\/p>\n\n\n\n<p><\/p>\n\n\n\n<details class=\"wp-block-details is-layout-flow wp-block-details-is-layout-flow\"><summary>Veja a localiza\u00e7\u00e3o completa<\/summary>\n<div class=\"wp-block-columns are-vertically-aligned-center has-contrast-2-color has-base-background-color has-text-color has-background has-link-color wp-elements-b627d2c114da5da52657029173c3d860 is-layout-flex wp-container-core-columns-is-layout-28f84493 wp-block-columns-is-layout-flex\">\n<div class=\"wp-block-column is-vertically-aligned-center is-layout-flow wp-block-column-is-layout-flow\">\n<p class=\"has-contrast-2-color has-text-color has-link-color wp-elements-e89077fdc5c88f5104ea676ef7c439d6\">Av. Rio Branco, 241 \u2013 Centro<br>Rio de Janeiro \u2013 RJ<br>CEP 20040-009<\/p>\n<\/div>\n<\/div>\n\n\n\n<div data-map-provider=\"mapbox\" data-api-key=\"pk.eyJ1IjoibW9uc2VuaG9yIiwiYSI6ImNsMTFkZGFjZTAwMnczam9ic3h2OGVwZjkifQ.UUdBp9N8Y6fmdDct5NLW3w\" class=\"wp-block-jetpack-map is-style-black_and_white\" data-map-style=\"black_and_white\" data-map-details=\"true\" data-points=\"[{&quot;placeTitle&quot;:&quot;Avenida Rio Branco&quot;,&quot;title&quot;:&quot;CCRJ&quot;,&quot;caption&quot;:&quot;Avenida Rio Branco 241, Centro, Rio de Janeiro - Rio de Janeiro, 20030, Brazil&quot;,&quot;id&quot;:&quot;address.1689608329827896&quot;,&quot;coordinates&quot;:{&quot;longitude&quot;:-43.175252,&quot;latitude&quot;:-22.910483}}]\" data-zoom=\"15\" data-map-center=\"{&quot;lng&quot;:-43.175252,&quot;lat&quot;:-22.910483}\" data-marker-color=\"#be4300\" data-map-height=\"400\"><ul><li><a href=\"https:\/\/www.google.com\/maps\/search\/?api=1&amp;query=-22.910483,-43.175252\">CCRJ<\/a><\/li><\/ul><\/div>\n<\/details>\n\n\n\n<details class=\"wp-block-details is-layout-flow wp-block-details-is-layout-flow\"><summary>Veja v\u00eddeos com mais detalhes do Centro Cultural Justi\u00e7a Federal<\/summary>\n<figure class=\"wp-block-embed is-type-rich is-provider-incorporar-manipulador wp-block-embed-incorporar-manipulador wp-embed-aspect-16-9 wp-has-aspect-ratio\"><div class=\"wp-block-embed__wrapper\">\n<span class=\"embed-youtube\" style=\"text-align:center; display: block;\"><iframe loading=\"lazy\" class=\"youtube-player\" width=\"640\" height=\"360\" src=\"https:\/\/www.youtube.com\/embed\/BBQYshwa6I4?version=3&#038;rel=1&#038;showsearch=0&#038;showinfo=1&#038;iv_load_policy=1&#038;fs=1&#038;hl=pt-BR&#038;autohide=2&#038;wmode=transparent\" allowfullscreen=\"true\" style=\"border:0;\" sandbox=\"allow-scripts allow-same-origin allow-popups allow-presentation allow-popups-to-escape-sandbox\"><\/iframe><\/span>\n<\/div><\/figure>\n\n\n\n<figure class=\"wp-block-embed is-type-video is-provider-youtube wp-block-embed-youtube wp-embed-aspect-16-9 wp-has-aspect-ratio\"><div class=\"wp-block-embed__wrapper\">\n<span class=\"embed-youtube\" style=\"text-align:center; display: block;\"><iframe loading=\"lazy\" class=\"youtube-player\" width=\"640\" height=\"360\" src=\"https:\/\/www.youtube.com\/embed\/HS-S4WN-eUk?version=3&#038;rel=1&#038;showsearch=0&#038;showinfo=1&#038;iv_load_policy=1&#038;fs=1&#038;hl=pt-BR&#038;autohide=2&#038;wmode=transparent\" allowfullscreen=\"true\" style=\"border:0;\" sandbox=\"allow-scripts allow-same-origin allow-popups allow-presentation allow-popups-to-escape-sandbox\"><\/iframe><\/span>\n<\/div><\/figure>\n\n\n\n<p><\/p>\n<\/details>\n\n\n\n<p><\/p>\n\n\n\n<h2 class=\"wp-block-heading\">Onde se hospedar<\/h2>\n\n\n\n<p>Preparamos uma lista de alguns hot\u00e9is na regi\u00e3o:<\/p>\n\n\n\n<p><\/p>\n\n\n\n<p><strong>Prodigy Santos Dumont<\/strong> (Bossa Nova Mall)<br>Av. Alm. Silvio de Noronha, 365 &#8211; Anexo ao Aeroporto Santos Dumont, Rio De Janeiro , 20021-340 , Brasil<br>0800 600 8088<br>reservas@prodigysantosdumont.com.br<br><a href=\"https:\/\/reservas.prodigyhotels.com.br\/chain\/1501\/hotel\/4394?lang=pt-BR\">https:\/\/reservas.prodigyhotels.com.br\/chain\/1501\/hotel\/4394?lang=pt-BR<\/a><\/p>\n\n\n\n<p><strong>ibis Rio de Janeiro Santos Dumont<\/strong><br>AV MARECHAL CAMARA 280, CENTRO, 20020-080 RIO DE JANEIRO, Brasil<br>Telefone 21 3506-4500<br>E-mail h5691-re@accor.com<br><a href=\"https:\/\/all.accor.com\/hotel\/5691\/index.pt-br.shtml\">https:\/\/all.accor.com\/hotel\/5691\/index.pt-br.shtml<\/a><\/p>\n\n\n\n<p><strong>B&amp;B HOTEL Santos Dumont<\/strong><br>Av. Beira Mar, 280 , Centro, 20021-060 Rio de Janeiro, Brasil<br>+55 (21) 3613-9170<br>bra-centraldereservas@hotelbb.com<br><a href=\"https:\/\/www.hotel-bb.com\/pt\/hotel\/santos-dumont\">https:\/\/www.hotel-bb.com\/pt\/hotel\/santos-dumont<\/a><\/p>\n","protected":false},"excerpt":{"rendered":"<p>O WordCamp Rio 2024 ser\u00e1 dividido em dois dias \u2014&nbsp;teremos um dia dedicado para colabora\u00e7\u00e3o, onde iremos juntar pessoas interessadas em contribuirem para o WordPress de diferentes formas, e um segundo dia de confer\u00eancia, onde teremos palestras e oportunidade de aprender mais sobre WordPress e assuntos relacionados. Sobre o dia 16\/08 (dia de colabora\u00e7\u00e3o) Para [&hellip;]<\/p>\n","protected":false},"author":13917967,"featured_media":0,"parent":0,"menu_order":0,"comment_status":"closed","ping_status":"closed","template":"","meta":{"jetpack_post_was_ever_published":false,"footnotes":""},"class_list":["post-11","page","type-page","status-publish","hentry"],"jetpack_sharing_enabled":true,"_links":{"self":[{"href":"https:\/\/riodejaneiro.wordcamp.org\/2024\/wp-json\/wp\/v2\/pages\/11","targetHints":{"allow":["GET"]}}],"collection":[{"href":"https:\/\/riodejaneiro.wordcamp.org\/2024\/wp-json\/wp\/v2\/pages"}],"about":[{"href":"https:\/\/riodejaneiro.wordcamp.org\/2024\/wp-json\/wp\/v2\/types\/page"}],"author":[{"embeddable":true,"href":"https:\/\/riodejaneiro.wordcamp.org\/2024\/wp-json\/wp\/v2\/users\/13917967"}],"replies":[{"embeddable":true,"href":"https:\/\/riodejaneiro.wordcamp.org\/2024\/wp-json\/wp\/v2\/comments?post=11"}],"version-history":[{"count":50,"href":"https:\/\/riodejaneiro.wordcamp.org\/2024\/wp-json\/wp\/v2\/pages\/11\/revisions"}],"predecessor-version":[{"id":2919,"href":"https:\/\/riodejaneiro.wordcamp.org\/2024\/wp-json\/wp\/v2\/pages\/11\/revisions\/2919"}],"wp:attachment":[{"href":"https:\/\/riodejaneiro.wordcamp.org\/2024\/wp-json\/wp\/v2\/media?parent=11"}],"curies":[{"name":"wp","href":"https:\/\/api.w.org\/{rel}","templated":true}]}}